e of 18?
True
Is 1010 a factor of 1350370?
True
Is 205 a factor of 1109050?
True
Is 3516419 a multiple of 315?
False
Does 19 divide 14257838?
False
Does 551 divide 3560605?
False
Is 355 a factor of 527530?
True
Is 123 a factor of 1722123?
True
Is 6 a factor of 112392?
True
Is 6 a factor of 173268?
True
Does 77 divide 275044?
True
Is 143 a factor of 815100?
True
Does 13 divide 959361?
True
Is 267834 a multiple of 49?
True
Is 15 a factor of 75863?
False
Is 7672912 a multiple of 13?
True
Does 44 divide 348920?
True
Is 15081 even?
False
Does 39 divide 25017?
False
Is 39165 a multiple of 72?
False
Does 49 divide 5737887?
False
Does 53 divide 169399?
False
Is 2 a factor of 24912?
True
Is 977392 a multiple of 13?
True
Is 88 a factor of 12768300?
False
Is 23006 a multiple of 2?
True
Is 306 a factor of 5472504?
True
Is 8 a factor of 59496?
True
Does 266 divide 111406?
False
Is 86940 a multiple of 27?
True
Does 213 divide 1309524?
True
Does 29 divide 717315?
True
Does 13 divide 2994?
False
Is 10 a factor of 41830?
True
Is 85 a factor of 205870?
True
Does 3 divide 996005?
False
Does 16 divide 897504?
True
Is 53665 a multiple of 130?
False
Does 105 divide 95579?
False
Is 21280 a multiple of 40?
True
Is 7214441 a multiple of 57?
False
Is 337 a factor of 525051?
False
Does 8 divide 231200?
True
Does 17 divide 985037?
False
Does 499 divide 994055?
False
Is 107630 a multiple of 22?
False
Is 31 a factor of 4882685?
False
Is 88 a factor of 780824?
True
Is 2615049 a multiple of 71?
False
Does 7 divide 239785?
True
Does 4 divide 127604?
True
Is 782870 a multiple of 28?
False
Is 5 a factor of 15671?
False
Is 33887614 a multiple of 1181?
True
Is 15 a factor of 1857120?
True
Does 3 divide 2414770?
False
Is 64 a factor of 558139?
False
Is 698206 a multiple of 2?
True
Is 38 a factor of 654930?
True
Is 40 a factor of 4007560?
True
Is 1232110 a multiple of 115?
True
Does 83 divide 222855?
True
Is 7997421 a multiple of 863?
True
Is 113739 a multiple of 203?
False
Is 704 a factor of 2035264?
True
Does 41 divide 151618?
True
Does 69 divide 813432?
False
Is 11 a factor of 10747275?
True
Is 6493438 a multiple of 13?
False
Is 7491854 a multiple of 662?
True
Is 70301 a multiple of 7?
True
Does 172 divide 2564501?
False
Does 21 divide 180957?
True
Is 112984 a multiple of 15?
False
Is 55 a factor of 366706?
False
Is 337 a factor of 1170064?
True
Does 84 divide 205464?
True
Is 157429 a multiple of 106?
False
Is 34097 a multiple of 3?
False
Does 76 divide 831820?
True
Is 1437 a factor of 1320603?
True
Is 20 a factor of 15629?
False
Is 61 a factor of 7681974?
True
Is 28 a factor of 12485720?
False
Is 26 a factor of 45102?
False
Is 260271 a multiple of 363?
True
Does 33 divide 202737?
False
Is 129183 a multiple of 447?
True
Does 16 divide 42608?
True
Does 171 divide 281637?
True
Is 16 a factor of 212112?
True
Does 48 divide 1277328?
True
Does 445 divide 113920?
True
Is 174291 a multiple of 39?
True
Is 342971 a multiple of 350?
False
Is 2081310 a multiple of 22?
True
Is 206 a factor of 1122494?
True
Is 114 a factor of 39460074?
True
Is 32 a factor of 4640832?
True
Does 161 divide 35259?
True
Does 871 divide 19482145?
False
Is 974457 a multiple of 11?
True
Is 5636098 a multiple of 907?
True
Does 2 divide 84837?
False
Is 85 a factor of 71570?
True
Is 93 a factor of 1938993?
False
Is 251505 a multiple of 23?
True
Is 8892 even?
True
Does 73 divide 1095876?
True
Does 64 divide 145728?
True
Is 1703960 a multiple of 82?
True
Does 29 divide 13163622?
True
Does 215 divide 121475?
True
Is 8053785 a multiple of 7?
False
Is 51976 a multiple of 8?
True
Is 667471 a multiple of 553?
True
Is 8 a factor of 37995?
False
Is 95219 a multiple of 141?
False
Does 378 divide 208049?
False
Does 23 divide 20407031?
False
Is 2657525 a multiple of 629?
True
Is 43 a factor of 236097?
False
Does 94 divide 478471?
False
Is 234 a factor of 617265?
False
Does 7 divide 170737?
True
Is 1178 a factor of 486514?
True
Is 19 a factor of 79381?
False
Does 748 divide 7413428?
True
Is 19 a factor of 3367408?
True
Is 62985 a multiple of 5?
True
Is 190 a factor of 176602?
False
Is 177 a factor of 41772?
True
Is 179 a factor of 130365?
False
Is 1587276 a multiple of 66?
False
Does 8 divide 147686?
False
Is 401 a factor of 129122?
True
Is 72 a factor of 27936?
True
Is 2334024 a multiple of 26?
False
Does 401 divide 170024?
True
Is 55510 a multiple of 130?
True
Is 1359369 a multiple of 297?
True
Is 993257 a multiple of 11?
False
Is 1580 a factor of 6097139?
False
Is 10448330 a multiple of 999?
False
Does 350 divide 3038350?
True
Is 6781600 a multiple of 173?
True
Is 13570136 a multiple of 6?
False
Does 24 divide 664980?
False
Does 110 divide 80520?
True
Is 17 a factor of 1169651?
True
Is 136377 a multiple of 13?
False
Is 302 a factor of 1866662?
True
Is 117992 a multiple of 172?
True
Does 2 divide 41357?
False
Is 6 a factor of 16428?
True
Is 66 a factor of 329604?
True
Does 164 divide 1731676?
True
Is 147623 a multiple of 5?
False
Does 455 divide 1513237?
False
Does 17 divide 6887227?
True
Is 230883 a multiple of 5?
False
Is 25700 a multiple of 20?
True
Is 206941 a multiple of 259?
True
Does 137 divide 72621?
False
Does 9 divide 3603552?
False
Does 98 divide 70560?
True
Does 7 divide 358479?
False
Is 4 a factor of 58132?
True
Is 19 a factor of 6081957?
True
Does 390 divide 6616354?
False
Is 2923806 a multiple of 1661?
False
Is 480556 a multiple of 134?
False
Is 2533240 a multiple of 20?
True
Is 2801471 a multiple of 34?
False
Does 52 divide 1700556?
True
Is 2 a factor of 192956?
True
Is 644605 a multiple of 211?
True
Is 645564 a multiple of 23?
True
Is 5645231 a multiple of 230?
False
Does 113 divide 253100?
False
Is 4931268 a multiple of 162?
False
Is 66 a factor of 652476?
True
Is 8 a factor of 945981?
False
Is 43848 a multiple of 18?
True
Is 125 a factor of 2593842?
False
Does 11 divide 84513?
True
Is 6 a factor of 6402?
True
Is 331564 a multiple of 34?
False
Does 646 divide 9059945?
False
Is 243043 a multiple of 55?
False
Is 170177 a multiple of 49?
True
Is 200976 a multiple of 48?
True
Does 4 divide 1441757?
False
Is 153619 a multiple of 15?
False
Does 31 divide 1449653?
True
Is 18 a factor of 5853420?
True
Is 18 a factor of 5614002?
True
Is 7740965 a multiple of 515?
True
Is 1121073 a multiple of 113?
True
Is 2104 a factor of 14906840?
True
Does 439 divide 1392508?
True
Is 15 a factor of 25020942?
False
Is 180 a factor of 60300?
True
Is 65 a factor of 1292467?
False
Is 129 a factor of 4741582?
False
Does 168 divide 571069?
False
Is 11127557 a multiple of 1521?
False
Is 5806905 a multiple of 172?
False
Is 31 a factor of 1452080?
False
Is 112029 a multiple of 43?
False
Is 1547546 a multiple of 126?
False
Is 42 a factor of 32019?
False
Does 110 divide 8360?
True
Is 454 a factor of 2085676?
True
Is 125 a factor of 689750?
True
Is 397786 a multiple of 4?
False
Is 261185 a multiple of 3?
False
Does 5 divide 155581?
False
Is 4 a factor of 91620?
True
Is 556803 a multiple of 117?
True
Does 45 divide 21822148?
False
Does 23 divide 262959?
True
Is 311134 a multiple of 236?
False
Is 14 a factor of 152877?
False
Is 1202 a factor of 81662?
False
Does 9 divide 174426?
False
Is 285 a factor of 132558?
False
Is 24 a factor of 658929?
False
Does 519 divide 7825295?
False
Is 7 a factor of 1267878?
False
Does 46 divide 61272?
True
Is 192 a factor of 164544?
True
Does 17 divide 183090?
True
Does 25 divide 163841?
False
Does 29 divide 1472330?
True
Is 907308 a multiple of 212?
False
Does 13 divide 686140?
True
Does 80 divide 7837520?
True
Is 8 a factor of 441632?
True
Is 1262376 a multiple of 267?
True
Is 2000283 a multiple of 127?
False
Is 449959 a multiple of 16?
False
Is 11 a factor of 288753?
False
Is 110 a factor of 1323520?
True
Does 194 divide 402380?
False
Is 39 a factor of 29584?
False
Is 225 a factor of 2182950?
True
Does 8 divide 36977?
False
Is 700392 a multiple of 462?
True
Is 2915804 a multiple of 157?
True
Is 58 a factor of 1291138?
True
Is 9072 a multiple of 18?
True
Is 38 a factor of 115014?
False
Is 733372 a multiple of 18?
False
Does 21 divide 2400069?
True
Does 121 divide 74601?
False
Is 35 a factor of 425628?
False
Is 1029606 a multiple of 20?
False
Is 3 a factor of 117295?
False
Is 24 a factor of 1441155?
False
Does 1